{"id":602,"date":"2025-04-16T15:29:58","date_gmt":"2025-04-16T13:29:58","guid":{"rendered":"https:\/\/www.colorwand.sk\/?page_id=602"},"modified":"2025-04-23T09:41:56","modified_gmt":"2025-04-23T07:41:56","slug":"elementor-602","status":"publish","type":"page","link":"https:\/\/www.colorwand.sk\/index.php\/elementor-602\/","title":{"rendered":"TLA\u010c TRI\u010cIEK"},"content":{"rendered":"\t\t<div data-elementor-type=\"wp-page\" data-elementor-id=\"602\" class=\"elementor elementor-602\" data-elementor-settings=\"{&quot;ha_cmc_init_switcher&quot;:&quot;no&quot;}\" data-elementor-post-type=\"page\">\n\t\t\t\t<div data-particle_enable=\"false\" data-particle-mobile-disabled=\"false\" class=\"elementor-element elementor-element-5e9a967b e-flex e-con-boxed e-con e-parent\" data-id=\"5e9a967b\" data-element_type=\"container\" data-e-type=\"container\" data-settings=\"{&quot;background_background&quot;:&quot;classic&quot;,&quot;_ha_eqh_enable&quot;:false}\">\n\t\t\t\t\t<div class=\"e-con-inner\">\n\t\t<div data-particle_enable=\"false\" data-particle-mobile-disabled=\"false\" class=\"elementor-element elementor-element-3ae8236a e-con-full e-flex e-con e-child\" data-id=\"3ae8236a\" data-element_type=\"container\" data-e-type=\"container\" data-settings=\"{&quot;_ha_eqh_enable&quot;:false}\">\n\t\t\t\t<div class=\"elementor-element elementor-element-f40c7aa elementor-widget elementor-widget-heading\" data-id=\"f40c7aa\" data-element_type=\"widget\" data-e-type=\"widget\" data-widget_type=\"heading.default\">\n\t\t\t\t<div class=\"elementor-widget-container\">\n\t\t\t\t\t<h2 class=\"elementor-heading-title elementor-size-default\">Reklamn\u00fd textil<\/h2>\t\t\t\t<\/div>\n\t\t\t\t<\/div>\n\t\t\t\t<div class=\"elementor-element elementor-element-295418cb elementor-widget elementor-widget-heading\" data-id=\"295418cb\" data-element_type=\"widget\" data-e-type=\"widget\" data-widget_type=\"heading.default\">\n\t\t\t\t<div class=\"elementor-widget-container\">\n\t\t\t\t\t<h2 class=\"elementor-heading-title elementor-size-default\">Zamysleli ste sa niekedy nad t\u00fdm, ako zv\u00fd\u0161i\u0165 povedomie o va\u0161ej zna\u010dke a z\u00e1rove\u0148 vytvori\u0165 jednotn\u00fd a profesion\u00e1lny vzh\u013ead pre v\u00e1\u0161 t\u00edm? Predstavujeme v\u00e1m Reklamn\u00fd textil<br>rie\u0161enie, ktor\u00e9 v\u00e1s odl\u00ed\u0161i od konkurencie <br>a z\u00e1rove\u0148 posiln\u00ed v\u00e1\u0161 firemn\u00fd imid\u017e.<\/h2>\t\t\t\t<\/div>\n\t\t\t\t<\/div>\n\t\t\t\t<\/div>\n\t\t<div data-particle_enable=\"false\" data-particle-mobile-disabled=\"false\" class=\"elementor-element elementor-element-20654640 e-con-full e-flex e-con e-child\" data-id=\"20654640\" data-element_type=\"container\" data-e-type=\"container\" data-settings=\"{&quot;_ha_eqh_enable&quot;:false}\">\n\t\t\t\t<div class=\"elementor-element elementor-element-3860d5bc elementor-widget elementor-widget-image\" data-id=\"3860d5bc\" data-element_type=\"widget\" data-e-type=\"widget\" data-widget_type=\"image.default\">\n\t\t\t\t<div class=\"elementor-widget-container\">\n\t\t\t\t\t\t\t\t\t\t\t\t\t\t\t<img decoding=\"async\" src=\"https:\/\/www.colorwand.sk\/wp-content\/uploads\/2025\/04\/xx.png\" title=\"xx\" alt=\"xx\" loading=\"lazy\" \/>\t\t\t\t\t\t\t\t\t\t\t\t\t\t\t<\/div>\n\t\t\t\t<\/div>\n\t\t\t\t<\/div>\n\t\t\t\t\t<\/div>\n\t\t\t\t<\/div>\n\t\t<div data-particle_enable=\"false\" data-particle-mobile-disabled=\"false\" class=\"elementor-element elementor-element-3d8bcb6a e-flex e-con-boxed e-con e-parent\" data-id=\"3d8bcb6a\" data-element_type=\"container\" data-e-type=\"container\" data-settings=\"{&quot;background_background&quot;:&quot;classic&quot;,&quot;_ha_eqh_enable&quot;:false}\">\n\t\t\t\t\t<div class=\"e-con-inner\">\n\t\t<div data-particle_enable=\"false\" data-particle-mobile-disabled=\"false\" class=\"elementor-element elementor-element-28e866f6 e-con-full e-flex e-con e-child\" data-id=\"28e866f6\" data-element_type=\"container\" data-e-type=\"container\" data-settings=\"{&quot;_ha_eqh_enable&quot;:false}\">\n\t\t\t\t<div class=\"elementor-element elementor-element-aa7a558 elementor-widget elementor-widget-heading\" data-id=\"aa7a558\" data-element_type=\"widget\" data-e-type=\"widget\" data-widget_type=\"heading.default\">\n\t\t\t\t<div class=\"elementor-widget-container\">\n\t\t\t\t\t<h2 class=\"elementor-heading-title elementor-size-default\">St\u00e1le v\u00e1ha\u0161?<\/h2>\t\t\t\t<\/div>\n\t\t\t\t<\/div>\n\t\t\t\t<div class=\"elementor-element elementor-element-256b2ac4 elementor-widget__width-initial elementor-widget elementor-widget-heading\" data-id=\"256b2ac4\" data-element_type=\"widget\" data-e-type=\"widget\" data-widget_type=\"heading.default\">\n\t\t\t\t<div class=\"elementor-widget-container\">\n\t\t\t\t\t<h2 class=\"elementor-heading-title elementor-size-default\">Reklamn\u00fd textil pon\u00faka \u0161irok\u00fa \u0161k\u00e1lu mo\u017enost\u00ed, ako prisp\u00f4sobi\u0165 oble\u010denie pre v\u00e1\u0161 t\u00edm. Od unifor\u00edm cez tri\u010dk\u00e1 s logom a\u017e po elegantn\u00e9 ko\u0161ele s n\u00e1zvom spolo\u010dnosti. Na\u0161e produkty s\u00fa vyroben\u00e9 z kvalitn\u00fdch materi\u00e1lov a s prec\u00edznym potla\u010dou, \u010do zaru\u010duje dlhodob\u00fa trv\u00e1cnos\u0165 a atrakt\u00edvny vzh\u013ead.\u2028<\/h2>\t\t\t\t<\/div>\n\t\t\t\t<\/div>\n\t\t\t\t<\/div>\n\t\t\t\t\t<\/div>\n\t\t\t\t<\/div>\n\t\t<div data-particle_enable=\"false\" data-particle-mobile-disabled=\"false\" class=\"elementor-element elementor-element-5281eef1 e-flex e-con-boxed e-con e-parent\" data-id=\"5281eef1\" data-element_type=\"container\" data-e-type=\"container\" data-settings=\"{&quot;background_background&quot;:&quot;classic&quot;,&quot;_ha_eqh_enable&quot;:false}\">\n\t\t\t\t\t<div class=\"e-con-inner\">\n\t\t<div data-particle_enable=\"false\" data-particle-mobile-disabled=\"false\" class=\"elementor-element elementor-element-705a5251 e-con-full e-flex e-con e-child\" data-id=\"705a5251\" data-element_type=\"container\" data-e-type=\"container\" data-settings=\"{&quot;_ha_eqh_enable&quot;:false}\">\n\t\t\t\t<div class=\"elementor-element elementor-element-dd17d6a elementor-widget elementor-widget-heading\" data-id=\"dd17d6a\" data-element_type=\"widget\" data-e-type=\"widget\" data-widget_type=\"heading.default\">\n\t\t\t\t<div class=\"elementor-widget-container\">\n\t\t\t\t\t<h2 class=\"elementor-heading-title elementor-size-default\">Uk\u00e1\u017ete svoju zna\u010dku naplno<\/h2>\t\t\t\t<\/div>\n\t\t\t\t<\/div>\n\t\t\t\t<div class=\"elementor-element elementor-element-5c0c6b0e elementor-widget elementor-widget-heading\" data-id=\"5c0c6b0e\" data-element_type=\"widget\" data-e-type=\"widget\" data-widget_type=\"heading.default\">\n\t\t\t\t<div class=\"elementor-widget-container\">\n\t\t\t\t\t<h2 class=\"elementor-heading-title elementor-size-default\">Vytvorte si vlastn\u00fd reklamn\u00fd textil e\u0161te dnes!\nNavrhneme a vyrob\u00edme \u0161t\u00fdlov\u00e9 a pohodln\u00e9 oble\u010denie, ktor\u00e9 bude reprezentova\u0165 va\u0161u zna\u010dku.\nObjednajte teraz a vyst\u00fapte z davu!<\/h2>\t\t\t\t<\/div>\n\t\t\t\t<\/div>\n\t\t\t\t<\/div>\n\t\t<div data-particle_enable=\"false\" data-particle-mobile-disabled=\"false\" class=\"elementor-element elementor-element-1bd68947 e-con-full e-flex e-con e-child\" data-id=\"1bd68947\" data-element_type=\"container\" data-e-type=\"container\" data-settings=\"{&quot;_ha_eqh_enable&quot;:false}\">\n\t\t\t\t<div class=\"elementor-element elementor-element-688408f4 elementor-widget elementor-widget-image\" data-id=\"688408f4\" data-element_type=\"widget\" data-e-type=\"widget\" data-widget_type=\"image.default\">\n\t\t\t\t<div class=\"elementor-widget-container\">\n\t\t\t\t\t\t\t\t\t\t\t\t\t\t\t<img fetchpriority=\"high\" decoding=\"async\" width=\"800\" height=\"739\" src=\"https:\/\/www.colorwand.sk\/wp-content\/uploads\/2025\/04\/capicka-1024x946.png\" class=\"attachment-large size-large wp-image-619\" alt=\"\" srcset=\"https:\/\/www.colorwand.sk\/wp-content\/uploads\/2025\/04\/capicka-1024x946.png 1024w, https:\/\/www.colorwand.sk\/wp-content\/uploads\/2025\/04\/capicka-300x277.png 300w, https:\/\/www.colorwand.sk\/wp-content\/uploads\/2025\/04\/capicka-768x709.png 768w, https:\/\/www.colorwand.sk\/wp-content\/uploads\/2025\/04\/capicka.png 1414w\" sizes=\"(max-width: 800px) 100vw, 800px\" \/>\t\t\t\t\t\t\t\t\t\t\t\t\t\t\t<\/div>\n\t\t\t\t<\/div>\n\t\t\t\t<\/div>\n\t\t\t\t\t<\/div>\n\t\t\t\t<\/div>\n\t\t<div data-particle_enable=\"false\" data-particle-mobile-disabled=\"false\" class=\"elementor-element elementor-element-44708ac1 e-flex e-con-boxed e-con e-parent\" data-id=\"44708ac1\" data-element_type=\"container\" data-e-type=\"container\" data-settings=\"{&quot;background_background&quot;:&quot;classic&quot;,&quot;_ha_eqh_enable&quot;:false}\">\n\t\t\t\t\t<div class=\"e-con-inner\">\n\t\t<div data-particle_enable=\"false\" data-particle-mobile-disabled=\"false\" class=\"elementor-element elementor-element-20832399 e-con-full e-flex e-con e-child\" data-id=\"20832399\" data-element_type=\"container\" data-e-type=\"container\" data-settings=\"{&quot;_ha_eqh_enable&quot;:false}\">\n\t\t\t\t<div class=\"elementor-element elementor-element-2fbf9070 elementor-widget elementor-widget-heading\" data-id=\"2fbf9070\" data-element_type=\"widget\" data-e-type=\"widget\" data-widget_type=\"heading.default\">\n\t\t\t\t<div class=\"elementor-widget-container\">\n\t\t\t\t\t<h2 class=\"elementor-heading-title elementor-size-default\">gal\u00e9ria<\/h2>\t\t\t\t<\/div>\n\t\t\t\t<\/div>\n\t\t\t\t<\/div>\n\t\t<div data-particle_enable=\"false\" data-particle-mobile-disabled=\"false\" class=\"elementor-element elementor-element-1b071167 e-con-full e-flex e-con e-child\" data-id=\"1b071167\" data-element_type=\"container\" data-e-type=\"container\" data-settings=\"{&quot;_ha_eqh_enable&quot;:false}\">\n\t\t\t\t<\/div>\n\t\t\t\t<div class=\"elementor-element elementor-element-1868e88d elementor-widget elementor-widget-gallery\" data-id=\"1868e88d\" data-element_type=\"widget\" data-e-type=\"widget\" data-settings=\"{&quot;columns&quot;:3,&quot;gap&quot;:{&quot;unit&quot;:&quot;px&quot;,&quot;size&quot;:7,&quot;sizes&quot;:[]},&quot;lazyload&quot;:&quot;yes&quot;,&quot;gallery_layout&quot;:&quot;grid&quot;,&quot;columns_tablet&quot;:2,&quot;columns_mobile&quot;:1,&quot;gap_tablet&quot;:{&quot;unit&quot;:&quot;px&quot;,&quot;size&quot;:10,&quot;sizes&quot;:[]},&quot;gap_mobile&quot;:{&quot;unit&quot;:&quot;px&quot;,&quot;size&quot;:10,&quot;sizes&quot;:[]},&quot;link_to&quot;:&quot;file&quot;,&quot;aspect_ratio&quot;:&quot;3:2&quot;,&quot;overlay_background&quot;:&quot;yes&quot;,&quot;content_hover_animation&quot;:&quot;fade-in&quot;}\" data-widget_type=\"gallery.default\">\n\t\t\t\t<div class=\"elementor-widget-container\">\n\t\t\t\t\t\t\t<div class=\"elementor-gallery__container\">\n\t\t\t\t\t\t\t<a class=\"e-gallery-item elementor-gallery-item elementor-animated-content\" href=\"https:\/\/www.colorwand.sk\/wp-content\/uploads\/2025\/03\/2_Home_Online_Training-AboutUs-Img_3.jpg\" data-elementor-open-lightbox=\"yes\" data-elementor-lightbox-slideshow=\"1868e88d\" data-elementor-lightbox-title=\"2_Home_Online_Training-AboutUs-Img_3.jpg\" data-e-action-hash=\"#elementor-action%3Aaction%3Dlightbox%26settings%3DeyJpZCI6MjE4LCJ1cmwiOiJodHRwczpcL1wvd3d3LmNvbG9yd2FuZC5za1wvd3AtY29udGVudFwvdXBsb2Fkc1wvMjAyNVwvMDNcLzJfSG9tZV9PbmxpbmVfVHJhaW5pbmctQWJvdXRVcy1JbWdfMy5qcGciLCJzbGlkZXNob3ciOiIxODY4ZTg4ZCJ9\">\n\t\t\t\t\t<div class=\"e-gallery-image elementor-gallery-item__image\" data-thumbnail=\"https:\/\/www.colorwand.sk\/wp-content\/uploads\/2025\/03\/2_Home_Online_Training-AboutUs-Img_3-300x132.jpg\" data-width=\"300\" data-height=\"132\" aria-label=\"\" role=\"img\" ><\/div>\n\t\t\t\t\t\t\t\t\t\t\t<div class=\"elementor-gallery-item__overlay\"><\/div>\n\t\t\t\t\t\t\t\t\t\t\t\t\t\t<\/a>\n\t\t\t\t\t\t\t<a class=\"e-gallery-item elementor-gallery-item elementor-animated-content\" href=\"https:\/\/www.colorwand.sk\/wp-content\/uploads\/2025\/03\/2_Home_Online_Training-AboutUs-Img_2.jpg\" data-elementor-open-lightbox=\"yes\" data-elementor-lightbox-slideshow=\"1868e88d\" data-elementor-lightbox-title=\"2_Home_Online_Training-AboutUs-Img_2.jpg\" data-e-action-hash=\"#elementor-action%3Aaction%3Dlightbox%26settings%3DeyJpZCI6MjE3LCJ1cmwiOiJodHRwczpcL1wvd3d3LmNvbG9yd2FuZC5za1wvd3AtY29udGVudFwvdXBsb2Fkc1wvMjAyNVwvMDNcLzJfSG9tZV9PbmxpbmVfVHJhaW5pbmctQWJvdXRVcy1JbWdfMi5qcGciLCJzbGlkZXNob3ciOiIxODY4ZTg4ZCJ9\">\n\t\t\t\t\t<div class=\"e-gallery-image elementor-gallery-item__image\" data-thumbnail=\"https:\/\/www.colorwand.sk\/wp-content\/uploads\/2025\/03\/2_Home_Online_Training-AboutUs-Img_2-300x132.jpg\" data-width=\"300\" data-height=\"132\" aria-label=\"\" role=\"img\" ><\/div>\n\t\t\t\t\t\t\t\t\t\t\t<div class=\"elementor-gallery-item__overlay\"><\/div>\n\t\t\t\t\t\t\t\t\t\t\t\t\t\t<\/a>\n\t\t\t\t\t\t\t<a class=\"e-gallery-item elementor-gallery-item elementor-animated-content\" href=\"https:\/\/www.colorwand.sk\/wp-content\/uploads\/2025\/03\/2_Home_Online_Training-AboutUs-Img_1.jpg\" data-elementor-open-lightbox=\"yes\" data-elementor-lightbox-slideshow=\"1868e88d\" data-elementor-lightbox-title=\"2_Home_Online_Training-AboutUs-Img_1.jpg\" data-e-action-hash=\"#elementor-action%3Aaction%3Dlightbox%26settings%3DeyJpZCI6MjE2LCJ1cmwiOiJodHRwczpcL1wvd3d3LmNvbG9yd2FuZC5za1wvd3AtY29udGVudFwvdXBsb2Fkc1wvMjAyNVwvMDNcLzJfSG9tZV9PbmxpbmVfVHJhaW5pbmctQWJvdXRVcy1JbWdfMS5qcGciLCJzbGlkZXNob3ciOiIxODY4ZTg4ZCJ9\">\n\t\t\t\t\t<div class=\"e-gallery-image elementor-gallery-item__image\" data-thumbnail=\"https:\/\/www.colorwand.sk\/wp-content\/uploads\/2025\/03\/2_Home_Online_Training-AboutUs-Img_1-300x132.jpg\" data-width=\"300\" data-height=\"132\" aria-label=\"\" role=\"img\" ><\/div>\n\t\t\t\t\t\t\t\t\t\t\t<div class=\"elementor-gallery-item__overlay\"><\/div>\n\t\t\t\t\t\t\t\t\t\t\t\t\t\t<\/a>\n\t\t\t\t\t\t\t<a class=\"e-gallery-item elementor-gallery-item elementor-animated-content\" href=\"https:\/\/www.colorwand.sk\/wp-content\/uploads\/2025\/03\/2_Home_Online_Training-Classes_1.jpg\" data-elementor-open-lightbox=\"yes\" data-elementor-lightbox-slideshow=\"1868e88d\" data-elementor-lightbox-title=\"2_Home_Online_Training-Classes_1.jpg\" data-e-action-hash=\"#elementor-action%3Aaction%3Dlightbox%26settings%3DeyJpZCI6MjEzLCJ1cmwiOiJodHRwczpcL1wvd3d3LmNvbG9yd2FuZC5za1wvd3AtY29udGVudFwvdXBsb2Fkc1wvMjAyNVwvMDNcLzJfSG9tZV9PbmxpbmVfVHJhaW5pbmctQ2xhc3Nlc18xLmpwZyIsInNsaWRlc2hvdyI6IjE4NjhlODhkIn0%3D\">\n\t\t\t\t\t<div class=\"e-gallery-image elementor-gallery-item__image\" data-thumbnail=\"https:\/\/www.colorwand.sk\/wp-content\/uploads\/2025\/03\/2_Home_Online_Training-Classes_1-281x300.jpg\" data-width=\"281\" data-height=\"300\" aria-label=\"\" role=\"img\" ><\/div>\n\t\t\t\t\t\t\t\t\t\t\t<div class=\"elementor-gallery-item__overlay\"><\/div>\n\t\t\t\t\t\t\t\t\t\t\t\t\t\t<\/a>\n\t\t\t\t\t\t\t<a class=\"e-gallery-item elementor-gallery-item elementor-animated-content\" href=\"https:\/\/www.colorwand.sk\/wp-content\/uploads\/2025\/03\/2_Home_Online_Training-Classes_2.jpg\" data-elementor-open-lightbox=\"yes\" data-elementor-lightbox-slideshow=\"1868e88d\" data-elementor-lightbox-title=\"2_Home_Online_Training-Classes_2.jpg\" data-e-action-hash=\"#elementor-action%3Aaction%3Dlightbox%26settings%3DeyJpZCI6MjE0LCJ1cmwiOiJodHRwczpcL1wvd3d3LmNvbG9yd2FuZC5za1wvd3AtY29udGVudFwvdXBsb2Fkc1wvMjAyNVwvMDNcLzJfSG9tZV9PbmxpbmVfVHJhaW5pbmctQ2xhc3Nlc18yLmpwZyIsInNsaWRlc2hvdyI6IjE4NjhlODhkIn0%3D\">\n\t\t\t\t\t<div class=\"e-gallery-image elementor-gallery-item__image\" data-thumbnail=\"https:\/\/www.colorwand.sk\/wp-content\/uploads\/2025\/03\/2_Home_Online_Training-Classes_2-281x300.jpg\" data-width=\"281\" data-height=\"300\" aria-label=\"\" role=\"img\" ><\/div>\n\t\t\t\t\t\t\t\t\t\t\t<div class=\"elementor-gallery-item__overlay\"><\/div>\n\t\t\t\t\t\t\t\t\t\t\t\t\t\t<\/a>\n\t\t\t\t\t\t\t<a class=\"e-gallery-item elementor-gallery-item elementor-animated-content\" href=\"https:\/\/www.colorwand.sk\/wp-content\/uploads\/2025\/03\/2_Home_Online_Training-Classes_3.jpg\" data-elementor-open-lightbox=\"yes\" data-elementor-lightbox-slideshow=\"1868e88d\" data-elementor-lightbox-title=\"2_Home_Online_Training-Classes_3.jpg\" data-e-action-hash=\"#elementor-action%3Aaction%3Dlightbox%26settings%3DeyJpZCI6MjE1LCJ1cmwiOiJodHRwczpcL1wvd3d3LmNvbG9yd2FuZC5za1wvd3AtY29udGVudFwvdXBsb2Fkc1wvMjAyNVwvMDNcLzJfSG9tZV9PbmxpbmVfVHJhaW5pbmctQ2xhc3Nlc18zLmpwZyIsInNsaWRlc2hvdyI6IjE4NjhlODhkIn0%3D\">\n\t\t\t\t\t<div class=\"e-gallery-image elementor-gallery-item__image\" data-thumbnail=\"https:\/\/www.colorwand.sk\/wp-content\/uploads\/2025\/03\/2_Home_Online_Training-Classes_3-281x300.jpg\" data-width=\"281\" data-height=\"300\" aria-label=\"\" role=\"img\" ><\/div>\n\t\t\t\t\t\t\t\t\t\t\t<div class=\"elementor-gallery-item__overlay\"><\/div>\n\t\t\t\t\t\t\t\t\t\t\t\t\t\t<\/a>\n\t\t\t\t\t<\/div>\n\t\t\t\t\t<\/div>\n\t\t\t\t<\/div>\n\t\t\t\t\t<\/div>\n\t\t\t\t<\/div>\n\t\t\t\t<\/div>\n\t\t","protected":false},"excerpt":{"rendered":"<p>Reklamn\u00fd textil Zamysleli ste sa niekedy nad t\u00fdm, ako zv\u00fd\u0161i\u0165 povedomie o va\u0161ej zna\u010dke a z\u00e1rove\u0148 vytvori\u0165 jednotn\u00fd a profesion\u00e1lny vzh\u013ead pre v\u00e1\u0161 t\u00edm? Predstavujeme v\u00e1m Reklamn\u00fd textilrie\u0161enie, ktor\u00e9 v\u00e1s odl\u00ed\u0161i od konkurencie a z\u00e1rove\u0148 posiln\u00ed v\u00e1\u0161 firemn\u00fd imid\u017e. St\u00e1le v\u00e1ha\u0161? Reklamn\u00fd textil pon\u00faka \u0161irok\u00fa \u0161k\u00e1lu mo\u017enost\u00ed, ako prisp\u00f4sobi\u0165 oble\u010denie pre v\u00e1\u0161 t\u00edm. Od unifor\u00edm [&hellip;]<\/p>\n","protected":false},"author":1,"featured_media":0,"parent":0,"menu_order":0,"comment_status":"closed","ping_status":"closed","template":"","meta":{"footnotes":""},"class_list":["post-602","page","type-page","status-publish","hentry"],"_links":{"self":[{"href":"https:\/\/www.colorwand.sk\/index.php\/wp-json\/wp\/v2\/pages\/602","targetHints":{"allow":["GET"]}}],"collection":[{"href":"https:\/\/www.colorwand.sk\/index.php\/wp-json\/wp\/v2\/pages"}],"about":[{"href":"https:\/\/www.colorwand.sk\/index.php\/wp-json\/wp\/v2\/types\/page"}],"author":[{"embeddable":true,"href":"https:\/\/www.colorwand.sk\/index.php\/wp-json\/wp\/v2\/users\/1"}],"replies":[{"embeddable":true,"href":"https:\/\/www.colorwand.sk\/index.php\/wp-json\/wp\/v2\/comments?post=602"}],"version-history":[{"count":27,"href":"https:\/\/www.colorwand.sk\/index.php\/wp-json\/wp\/v2\/pages\/602\/revisions"}],"predecessor-version":[{"id":634,"href":"https:\/\/www.colorwand.sk\/index.php\/wp-json\/wp\/v2\/pages\/602\/revisions\/634"}],"wp:attachment":[{"href":"https:\/\/www.colorwand.sk\/index.php\/wp-json\/wp\/v2\/media?parent=602"}],"curies":[{"name":"wp","href":"https:\/\/api.w.org\/{rel}","templated":true}]}}