{"id":690,"date":"2025-04-24T13:53:39","date_gmt":"2025-04-24T11:53:39","guid":{"rendered":"https:\/\/www.colorwand.sk\/?page_id=690"},"modified":"2025-04-24T14:27:54","modified_gmt":"2025-04-24T12:27:54","slug":"polep-vozidiel","status":"publish","type":"page","link":"https:\/\/www.colorwand.sk\/index.php\/polep-vozidiel\/","title":{"rendered":"POLEP VOZIDIEL"},"content":{"rendered":"\t\t<div data-elementor-type=\"wp-page\" data-elementor-id=\"690\" class=\"elementor elementor-690\" data-elementor-settings=\"{&quot;ha_cmc_init_switcher&quot;:&quot;no&quot;}\" data-elementor-post-type=\"page\">\n\t\t\t\t<div data-particle_enable=\"false\" data-particle-mobile-disabled=\"false\" class=\"elementor-element elementor-element-1bad3996 e-flex e-con-boxed e-con e-parent\" data-id=\"1bad3996\" data-element_type=\"container\" data-e-type=\"container\" data-settings=\"{&quot;background_background&quot;:&quot;classic&quot;,&quot;_ha_eqh_enable&quot;:false}\">\n\t\t\t\t\t<div class=\"e-con-inner\">\n\t\t<div data-particle_enable=\"false\" data-particle-mobile-disabled=\"false\" class=\"elementor-element elementor-element-7e3877ad e-con-full e-flex e-con e-child\" data-id=\"7e3877ad\" data-element_type=\"container\" data-e-type=\"container\" data-settings=\"{&quot;_ha_eqh_enable&quot;:false}\">\n\t\t\t\t<div class=\"elementor-element elementor-element-27df8984 elementor-widget elementor-widget-heading\" data-id=\"27df8984\" data-element_type=\"widget\" data-e-type=\"widget\" data-widget_type=\"heading.default\">\n\t\t\t\t<div class=\"elementor-widget-container\">\n\t\t\t\t\t<h2 class=\"elementor-heading-title elementor-size-default\">Reklamny polep \u00e1ut<\/h2>\t\t\t\t<\/div>\n\t\t\t\t<\/div>\n\t\t\t\t<div class=\"elementor-element elementor-element-6f541a87 elementor-widget elementor-widget-heading\" data-id=\"6f541a87\" data-element_type=\"widget\" data-e-type=\"widget\" data-widget_type=\"heading.default\">\n\t\t\t\t<div class=\"elementor-widget-container\">\n\t\t\t\t\t<h2 class=\"elementor-heading-title elementor-size-default\">Uz ste niekedy prem\u00fdsiali, ako z\u00fdsit viditeinost svojej znacky a\npril\u00e4kat viac zakaznikov? Predstavujeme v\u00e1m jedinen\u00fa a efektivnu\nmetodu propag\u00e1cie Reklamn\u00fd polep aut!<\/h2>\t\t\t\t<\/div>\n\t\t\t\t<\/div>\n\t\t\t\t<\/div>\n\t\t<div data-particle_enable=\"false\" data-particle-mobile-disabled=\"false\" class=\"elementor-element elementor-element-d5c29e3 e-con-full e-flex e-con e-child\" data-id=\"d5c29e3\" data-element_type=\"container\" data-e-type=\"container\" data-settings=\"{&quot;_ha_eqh_enable&quot;:false}\">\n\t\t\t\t<div class=\"elementor-element elementor-element-da44841 elementor-widget elementor-widget-image\" data-id=\"da44841\" data-element_type=\"widget\" data-e-type=\"widget\" data-widget_type=\"image.default\">\n\t\t\t\t<div class=\"elementor-widget-container\">\n\t\t\t\t\t\t\t\t\t\t\t\t\t\t\t<img fetchpriority=\"high\" decoding=\"async\" width=\"2560\" height=\"1707\" src=\"https:\/\/www.colorwand.sk\/wp-content\/uploads\/2025\/04\/xxxx-scaled.png\" class=\"attachment-full size-full wp-image-694\" alt=\"\" srcset=\"https:\/\/www.colorwand.sk\/wp-content\/uploads\/2025\/04\/xxxx-scaled.png 2560w, https:\/\/www.colorwand.sk\/wp-content\/uploads\/2025\/04\/xxxx-300x200.png 300w, https:\/\/www.colorwand.sk\/wp-content\/uploads\/2025\/04\/xxxx-1024x683.png 1024w, https:\/\/www.colorwand.sk\/wp-content\/uploads\/2025\/04\/xxxx-768x512.png 768w, https:\/\/www.colorwand.sk\/wp-content\/uploads\/2025\/04\/xxxx-1536x1024.png 1536w, https:\/\/www.colorwand.sk\/wp-content\/uploads\/2025\/04\/xxxx-2048x1365.png 2048w\" sizes=\"(max-width: 2560px) 100vw, 2560px\" \/>\t\t\t\t\t\t\t\t\t\t\t\t\t\t\t<\/div>\n\t\t\t\t<\/div>\n\t\t\t\t<\/div>\n\t\t\t\t\t<\/div>\n\t\t\t\t<\/div>\n\t\t<div data-particle_enable=\"false\" data-particle-mobile-disabled=\"false\" class=\"elementor-element elementor-element-2e92e95a e-flex e-con-boxed e-con e-parent\" data-id=\"2e92e95a\" data-element_type=\"container\" data-e-type=\"container\" data-settings=\"{&quot;background_background&quot;:&quot;classic&quot;,&quot;_ha_eqh_enable&quot;:false}\">\n\t\t\t\t\t<div class=\"e-con-inner\">\n\t\t<div data-particle_enable=\"false\" data-particle-mobile-disabled=\"false\" class=\"elementor-element elementor-element-424a6e67 e-con-full e-flex e-con e-child\" data-id=\"424a6e67\" data-element_type=\"container\" data-e-type=\"container\" data-settings=\"{&quot;_ha_eqh_enable&quot;:false}\">\n\t\t\t\t<div class=\"elementor-element elementor-element-443c2998 elementor-widget elementor-widget-heading\" data-id=\"443c2998\" data-element_type=\"widget\" data-e-type=\"widget\" data-widget_type=\"heading.default\">\n\t\t\t\t<div class=\"elementor-widget-container\">\n\t\t\t\t\t<h2 class=\"elementor-heading-title elementor-size-default\">gal\u00e9ria<\/h2>\t\t\t\t<\/div>\n\t\t\t\t<\/div>\n\t\t\t\t<\/div>\n\t\t<div data-particle_enable=\"false\" data-particle-mobile-disabled=\"false\" class=\"elementor-element elementor-element-28bc2ea2 e-con-full e-flex e-con e-child\" data-id=\"28bc2ea2\" data-element_type=\"container\" data-e-type=\"container\" data-settings=\"{&quot;_ha_eqh_enable&quot;:false}\">\n\t\t\t\t<div class=\"elementor-element elementor-element-4f8577c8 elementor-widget elementor-widget-gallery\" data-id=\"4f8577c8\" data-element_type=\"widget\" data-e-type=\"widget\" data-settings=\"{&quot;columns&quot;:3,&quot;gap&quot;:{&quot;unit&quot;:&quot;px&quot;,&quot;size&quot;:7,&quot;sizes&quot;:[]},&quot;lazyload&quot;:&quot;yes&quot;,&quot;gallery_layout&quot;:&quot;grid&quot;,&quot;columns_tablet&quot;:2,&quot;columns_mobile&quot;:1,&quot;gap_tablet&quot;:{&quot;unit&quot;:&quot;px&quot;,&quot;size&quot;:10,&quot;sizes&quot;:[]},&quot;gap_mobile&quot;:{&quot;unit&quot;:&quot;px&quot;,&quot;size&quot;:10,&quot;sizes&quot;:[]},&quot;link_to&quot;:&quot;file&quot;,&quot;aspect_ratio&quot;:&quot;3:2&quot;,&quot;overlay_background&quot;:&quot;yes&quot;,&quot;content_hover_animation&quot;:&quot;fade-in&quot;}\" data-widget_type=\"gallery.default\">\n\t\t\t\t<div class=\"elementor-widget-container\">\n\t\t\t\t\t\t\t<div class=\"elementor-gallery__container\">\n\t\t\t\t\t\t\t<a class=\"e-gallery-item elementor-gallery-item elementor-animated-content\" href=\"https:\/\/www.colorwand.sk\/wp-content\/uploads\/2025\/03\/2_Home_Online_Training-AboutUs-Img_3.jpg\" data-elementor-open-lightbox=\"yes\" data-elementor-lightbox-slideshow=\"4f8577c8\" data-elementor-lightbox-title=\"2_Home_Online_Training-AboutUs-Img_3.jpg\" data-e-action-hash=\"#elementor-action%3Aaction%3Dlightbox%26settings%3DeyJpZCI6MjE4LCJ1cmwiOiJodHRwczpcL1wvd3d3LmNvbG9yd2FuZC5za1wvd3AtY29udGVudFwvdXBsb2Fkc1wvMjAyNVwvMDNcLzJfSG9tZV9PbmxpbmVfVHJhaW5pbmctQWJvdXRVcy1JbWdfMy5qcGciLCJzbGlkZXNob3ciOiI0Zjg1NzdjOCJ9\">\n\t\t\t\t\t<div class=\"e-gallery-image elementor-gallery-item__image\" data-thumbnail=\"https:\/\/www.colorwand.sk\/wp-content\/uploads\/2025\/03\/2_Home_Online_Training-AboutUs-Img_3-300x132.jpg\" data-width=\"300\" data-height=\"132\" aria-label=\"\" role=\"img\" ><\/div>\n\t\t\t\t\t\t\t\t\t\t\t<div class=\"elementor-gallery-item__overlay\"><\/div>\n\t\t\t\t\t\t\t\t\t\t\t\t\t\t<\/a>\n\t\t\t\t\t\t\t<a class=\"e-gallery-item elementor-gallery-item elementor-animated-content\" href=\"https:\/\/www.colorwand.sk\/wp-content\/uploads\/2025\/03\/2_Home_Online_Training-AboutUs-Img_2.jpg\" data-elementor-open-lightbox=\"yes\" data-elementor-lightbox-slideshow=\"4f8577c8\" data-elementor-lightbox-title=\"2_Home_Online_Training-AboutUs-Img_2.jpg\" data-e-action-hash=\"#elementor-action%3Aaction%3Dlightbox%26settings%3DeyJpZCI6MjE3LCJ1cmwiOiJodHRwczpcL1wvd3d3LmNvbG9yd2FuZC5za1wvd3AtY29udGVudFwvdXBsb2Fkc1wvMjAyNVwvMDNcLzJfSG9tZV9PbmxpbmVfVHJhaW5pbmctQWJvdXRVcy1JbWdfMi5qcGciLCJzbGlkZXNob3ciOiI0Zjg1NzdjOCJ9\">\n\t\t\t\t\t<div class=\"e-gallery-image elementor-gallery-item__image\" data-thumbnail=\"https:\/\/www.colorwand.sk\/wp-content\/uploads\/2025\/03\/2_Home_Online_Training-AboutUs-Img_2-300x132.jpg\" data-width=\"300\" data-height=\"132\" aria-label=\"\" role=\"img\" ><\/div>\n\t\t\t\t\t\t\t\t\t\t\t<div class=\"elementor-gallery-item__overlay\"><\/div>\n\t\t\t\t\t\t\t\t\t\t\t\t\t\t<\/a>\n\t\t\t\t\t\t\t<a class=\"e-gallery-item elementor-gallery-item elementor-animated-content\" href=\"https:\/\/www.colorwand.sk\/wp-content\/uploads\/2025\/03\/2_Home_Online_Training-AboutUs-Img_1.jpg\" data-elementor-open-lightbox=\"yes\" data-elementor-lightbox-slideshow=\"4f8577c8\" data-elementor-lightbox-title=\"2_Home_Online_Training-AboutUs-Img_1.jpg\" data-e-action-hash=\"#elementor-action%3Aaction%3Dlightbox%26settings%3DeyJpZCI6MjE2LCJ1cmwiOiJodHRwczpcL1wvd3d3LmNvbG9yd2FuZC5za1wvd3AtY29udGVudFwvdXBsb2Fkc1wvMjAyNVwvMDNcLzJfSG9tZV9PbmxpbmVfVHJhaW5pbmctQWJvdXRVcy1JbWdfMS5qcGciLCJzbGlkZXNob3ciOiI0Zjg1NzdjOCJ9\">\n\t\t\t\t\t<div class=\"e-gallery-image elementor-gallery-item__image\" data-thumbnail=\"https:\/\/www.colorwand.sk\/wp-content\/uploads\/2025\/03\/2_Home_Online_Training-AboutUs-Img_1-300x132.jpg\" data-width=\"300\" data-height=\"132\" aria-label=\"\" role=\"img\" ><\/div>\n\t\t\t\t\t\t\t\t\t\t\t<div class=\"elementor-gallery-item__overlay\"><\/div>\n\t\t\t\t\t\t\t\t\t\t\t\t\t\t<\/a>\n\t\t\t\t\t\t\t<a class=\"e-gallery-item elementor-gallery-item elementor-animated-content\" href=\"https:\/\/www.colorwand.sk\/wp-content\/uploads\/2025\/03\/2_Home_Online_Training-Classes_1.jpg\" data-elementor-open-lightbox=\"yes\" data-elementor-lightbox-slideshow=\"4f8577c8\" data-elementor-lightbox-title=\"2_Home_Online_Training-Classes_1.jpg\" data-e-action-hash=\"#elementor-action%3Aaction%3Dlightbox%26settings%3DeyJpZCI6MjEzLCJ1cmwiOiJodHRwczpcL1wvd3d3LmNvbG9yd2FuZC5za1wvd3AtY29udGVudFwvdXBsb2Fkc1wvMjAyNVwvMDNcLzJfSG9tZV9PbmxpbmVfVHJhaW5pbmctQ2xhc3Nlc18xLmpwZyIsInNsaWRlc2hvdyI6IjRmODU3N2M4In0%3D\">\n\t\t\t\t\t<div class=\"e-gallery-image elementor-gallery-item__image\" data-thumbnail=\"https:\/\/www.colorwand.sk\/wp-content\/uploads\/2025\/03\/2_Home_Online_Training-Classes_1-281x300.jpg\" data-width=\"281\" data-height=\"300\" aria-label=\"\" role=\"img\" ><\/div>\n\t\t\t\t\t\t\t\t\t\t\t<div class=\"elementor-gallery-item__overlay\"><\/div>\n\t\t\t\t\t\t\t\t\t\t\t\t\t\t<\/a>\n\t\t\t\t\t\t\t<a class=\"e-gallery-item elementor-gallery-item elementor-animated-content\" href=\"https:\/\/www.colorwand.sk\/wp-content\/uploads\/2025\/03\/2_Home_Online_Training-Classes_2.jpg\" data-elementor-open-lightbox=\"yes\" data-elementor-lightbox-slideshow=\"4f8577c8\" data-elementor-lightbox-title=\"2_Home_Online_Training-Classes_2.jpg\" data-e-action-hash=\"#elementor-action%3Aaction%3Dlightbox%26settings%3DeyJpZCI6MjE0LCJ1cmwiOiJodHRwczpcL1wvd3d3LmNvbG9yd2FuZC5za1wvd3AtY29udGVudFwvdXBsb2Fkc1wvMjAyNVwvMDNcLzJfSG9tZV9PbmxpbmVfVHJhaW5pbmctQ2xhc3Nlc18yLmpwZyIsInNsaWRlc2hvdyI6IjRmODU3N2M4In0%3D\">\n\t\t\t\t\t<div class=\"e-gallery-image elementor-gallery-item__image\" data-thumbnail=\"https:\/\/www.colorwand.sk\/wp-content\/uploads\/2025\/03\/2_Home_Online_Training-Classes_2-281x300.jpg\" data-width=\"281\" data-height=\"300\" aria-label=\"\" role=\"img\" ><\/div>\n\t\t\t\t\t\t\t\t\t\t\t<div class=\"elementor-gallery-item__overlay\"><\/div>\n\t\t\t\t\t\t\t\t\t\t\t\t\t\t<\/a>\n\t\t\t\t\t\t\t<a class=\"e-gallery-item elementor-gallery-item elementor-animated-content\" href=\"https:\/\/www.colorwand.sk\/wp-content\/uploads\/2025\/03\/2_Home_Online_Training-Classes_3.jpg\" data-elementor-open-lightbox=\"yes\" data-elementor-lightbox-slideshow=\"4f8577c8\" data-elementor-lightbox-title=\"2_Home_Online_Training-Classes_3.jpg\" data-e-action-hash=\"#elementor-action%3Aaction%3Dlightbox%26settings%3DeyJpZCI6MjE1LCJ1cmwiOiJodHRwczpcL1wvd3d3LmNvbG9yd2FuZC5za1wvd3AtY29udGVudFwvdXBsb2Fkc1wvMjAyNVwvMDNcLzJfSG9tZV9PbmxpbmVfVHJhaW5pbmctQ2xhc3Nlc18zLmpwZyIsInNsaWRlc2hvdyI6IjRmODU3N2M4In0%3D\">\n\t\t\t\t\t<div class=\"e-gallery-image elementor-gallery-item__image\" data-thumbnail=\"https:\/\/www.colorwand.sk\/wp-content\/uploads\/2025\/03\/2_Home_Online_Training-Classes_3-281x300.jpg\" data-width=\"281\" data-height=\"300\" aria-label=\"\" role=\"img\" ><\/div>\n\t\t\t\t\t\t\t\t\t\t\t<div class=\"elementor-gallery-item__overlay\"><\/div>\n\t\t\t\t\t\t\t\t\t\t\t\t\t\t<\/a>\n\t\t\t\t\t<\/div>\n\t\t\t\t\t<\/div>\n\t\t\t\t<\/div>\n\t\t\t\t<\/div>\n\t\t\t\t\t<\/div>\n\t\t\t\t<\/div>\n\t\t<div data-particle_enable=\"false\" data-particle-mobile-disabled=\"false\" class=\"elementor-element elementor-element-76a760f e-flex e-con-boxed e-con e-parent\" data-id=\"76a760f\" data-element_type=\"container\" data-e-type=\"container\" data-settings=\"{&quot;background_background&quot;:&quot;classic&quot;,&quot;_ha_eqh_enable&quot;:false}\">\n\t\t\t\t\t<div class=\"e-con-inner\">\n\t\t<div data-particle_enable=\"false\" data-particle-mobile-disabled=\"false\" class=\"elementor-element elementor-element-21a64d43 e-con-full e-flex e-con e-child\" data-id=\"21a64d43\" data-element_type=\"container\" data-e-type=\"container\" data-settings=\"{&quot;_ha_eqh_enable&quot;:false}\">\n\t\t\t\t<div class=\"elementor-element elementor-element-39a4abc9 elementor-widget elementor-widget-image\" data-id=\"39a4abc9\" data-element_type=\"widget\" data-e-type=\"widget\" data-widget_type=\"image.default\">\n\t\t\t\t<div class=\"elementor-widget-container\">\n\t\t\t\t\t\t\t\t\t\t\t\t\t\t\t<img decoding=\"async\" width=\"800\" height=\"534\" src=\"https:\/\/www.colorwand.sk\/wp-content\/uploads\/2025\/04\/car-1024x683.png\" class=\"attachment-large size-large wp-image-695\" alt=\"\" srcset=\"https:\/\/www.colorwand.sk\/wp-content\/uploads\/2025\/04\/car-1024x683.png 1024w, https:\/\/www.colorwand.sk\/wp-content\/uploads\/2025\/04\/car-300x200.png 300w, https:\/\/www.colorwand.sk\/wp-content\/uploads\/2025\/04\/car-768x512.png 768w, https:\/\/www.colorwand.sk\/wp-content\/uploads\/2025\/04\/car-1536x1024.png 1536w, https:\/\/www.colorwand.sk\/wp-content\/uploads\/2025\/04\/car-2048x1365.png 2048w\" sizes=\"(max-width: 800px) 100vw, 800px\" \/>\t\t\t\t\t\t\t\t\t\t\t\t\t\t\t<\/div>\n\t\t\t\t<\/div>\n\t\t\t\t<\/div>\n\t\t<div data-particle_enable=\"false\" data-particle-mobile-disabled=\"false\" class=\"elementor-element elementor-element-4b1cb8c7 e-con-full e-flex e-con e-child\" data-id=\"4b1cb8c7\" data-element_type=\"container\" data-e-type=\"container\" data-settings=\"{&quot;_ha_eqh_enable&quot;:false}\">\n\t\t\t\t<div class=\"elementor-element elementor-element-6a118099 elementor-widget elementor-widget-heading\" data-id=\"6a118099\" data-element_type=\"widget\" data-e-type=\"widget\" data-widget_type=\"heading.default\">\n\t\t\t\t<div class=\"elementor-widget-container\">\n\t\t\t\t\t<h2 class=\"elementor-heading-title elementor-size-default\">Ne\u010dakajte, k\u00fdm v\u00e1m konkurencia ujde! Objednajte si reklamn\u00fd polep \u00e1ut e\u0161te dnes a zaistite si vysn\u00edvan\u00fa vidite\u013enos\u0165. Kontaktujte n\u00e1s cez web alebo telefonicky radi v\u00e1m pom\u00f4\u017eeme n\u00e1js\u0165 ide\u00e1lne rie\u0161enie pre va\u0161u firmu. Spolo\u010dne dosiahneme \u00faspech!<\/h2>\t\t\t\t<\/div>\n\t\t\t\t<\/div>\n\t\t\t\t<\/div>\n\t\t\t\t\t<\/div>\n\t\t\t\t<\/div>\n\t\t\t\t<\/div>\n\t\t","protected":false},"excerpt":{"rendered":"<p>Reklamny polep \u00e1ut Uz ste niekedy prem\u00fdsiali, ako z\u00fdsit viditeinost svojej znacky a pril\u00e4kat viac zakaznikov? Predstavujeme v\u00e1m jedinen\u00fa a efektivnu metodu propag\u00e1cie Reklamn\u00fd polep aut! gal\u00e9ria Ne\u010dakajte, k\u00fdm v\u00e1m konkurencia ujde! Objednajte si reklamn\u00fd polep \u00e1ut e\u0161te dnes a zaistite si vysn\u00edvan\u00fa vidite\u013enos\u0165. Kontaktujte n\u00e1s cez web alebo telefonicky radi v\u00e1m pom\u00f4\u017eeme n\u00e1js\u0165 ide\u00e1lne [&hellip;]<\/p>\n","protected":false},"author":1,"featured_media":0,"parent":0,"menu_order":0,"comment_status":"closed","ping_status":"closed","template":"","meta":{"footnotes":""},"class_list":["post-690","page","type-page","status-publish","hentry"],"_links":{"self":[{"href":"https:\/\/www.colorwand.sk\/index.php\/wp-json\/wp\/v2\/pages\/690","targetHints":{"allow":["GET"]}}],"collection":[{"href":"https:\/\/www.colorwand.sk\/index.php\/wp-json\/wp\/v2\/pages"}],"about":[{"href":"https:\/\/www.colorwand.sk\/index.php\/wp-json\/wp\/v2\/types\/page"}],"author":[{"embeddable":true,"href":"https:\/\/www.colorwand.sk\/index.php\/wp-json\/wp\/v2\/users\/1"}],"replies":[{"embeddable":true,"href":"https:\/\/www.colorwand.sk\/index.php\/wp-json\/wp\/v2\/comments?post=690"}],"version-history":[{"count":10,"href":"https:\/\/www.colorwand.sk\/index.php\/wp-json\/wp\/v2\/pages\/690\/revisions"}],"predecessor-version":[{"id":704,"href":"https:\/\/www.colorwand.sk\/index.php\/wp-json\/wp\/v2\/pages\/690\/revisions\/704"}],"wp:attachment":[{"href":"https:\/\/www.colorwand.sk\/index.php\/wp-json\/wp\/v2\/media?parent=690"}],"curies":[{"name":"wp","href":"https:\/\/api.w.org\/{rel}","templated":true}]}}